{"id":220,"date":"2018-01-24T18:41:13","date_gmt":"2018-01-24T17:41:13","guid":{"rendered":"http:\/\/windual.com\/?page_id=220"},"modified":"2024-01-01T17:25:57","modified_gmt":"2024-01-01T16:25:57","slug":"ab-130-000-kwh","status":"publish","type":"page","link":"https:\/\/windual.com\/index.php\/windkraftanlagen\/ab-130-000-kwh\/","title":{"rendered":"Ab einem Jahresverbrauch von 300.000 kWh"},"content":{"rendered":"<div id=\"pl-220\"  class=\"panel-layout\" ><div id=\"pg-220-0\"  class=\"panel-grid panel-no-style\" ><div id=\"pgc-220-0-0\"  class=\"panel-grid-cell\" ><div id=\"panel-220-0-0-0\" class=\"so-panel widget widget_sow-editor panel-first-child panel-last-child\" data-index=\"0\" ><div class=\"so-widget-sow-editor so-widget-sow-editor-base\">\n<div class=\"siteorigin-widget-tinymce textwidget\">\n\t<h3><span style=\"color: #0000ff;\">1. Windkraftanlage 100 kW<br \/>\n<\/span><\/h3>\n<p><b>Anlagentyp 30-100<br \/>\n<\/b>mit Rotordurchmesser 30 m, \u00fcberstrichene Rotorfl\u00e4che 705 m\u00b2<br \/>\nF\u00fcr st\u00e4rkste Windklasse IA: Einsatz auch in Orkangebieten!<b><br \/>\n<\/b><\/p>\n<p>Jahresertrag gem\u00e4\u00df Prognose nach IEC-Norm (Zertifizierung 2019):<br \/>\nTyp 30-100kW<br \/>\nbei 5 m\/s:\u00a0\u00a0\u00a0 260 MWh<br \/>\nbei 6 m\/s:\u00a0\u00a0\u00a0 356 MWh<br \/>\nbei 7 m\/s:\u00a0\u00a0\u00a0 433 MWh<\/p>\n<p><strong>Hauptmerkmale<\/strong><\/p>\n<ul>\n<li>Direkt angetriebener PM-Generator<\/li>\n<li>Hoher Ertrag auch bei niedriger Windgeschwindigkeit, teilweise h\u00f6her als von 250 kW Anlagen<\/li>\n<li>Zwei unabh\u00e4ngige Bremssysteme<\/li>\n<li>Router zur Fern\u00fcberwachung<\/li>\n<\/ul>\n<p><b>Einsatzgebiete<\/b><br \/>\nIdeal f\u00fcr landwirtschaftliche und gewerbliche Betriebe, Industrie und Wasserwerke im Au\u00dfen- und Gewerbebereich mit einem j\u00e4hrlichen Eigenstrombedarf ab ca. 130.000 kWh.<\/p>\n<hr \/>\n<p>&nbsp;<\/p>\n<p><a href=\"http:\/\/windual.com\/index.php\/kontakt\/\">Anfrage<\/a><\/p>\n<\/div>\n<\/div><\/div><\/div><div id=\"pgc-220-0-1\"  class=\"panel-grid-cell\" ><div id=\"panel-220-0-1-0\" class=\"so-panel widget widget_media_image panel-first-child\" data-index=\"1\" ><img width=\"300\" height=\"450\" src=\"https:\/\/windual.com\/wp-content\/uploads\/2018\/01\/60kW-wind-turbine-e1517856739614.jpg\" class=\"image wp-image-221  attachment-full size-full\" alt=\"\" decoding=\"async\" loading=\"lazy\" style=\"max-width: 100%; height: auto;\" \/><\/div><div id=\"panel-220-0-1-1\" class=\"so-panel widget widget_media_image panel-last-child\" data-index=\"2\" ><img width=\"299\" height=\"400\" src=\"https:\/\/windual.com\/wp-content\/uploads\/2018\/01\/windual-60-kW.jpg\" class=\"image wp-image-222  attachment-full size-full\" alt=\"\" decoding=\"async\" loading=\"lazy\" style=\"max-width: 100%; height: auto;\" srcset=\"https:\/\/windual.com\/wp-content\/uploads\/2018\/01\/windual-60-kW.jpg 299w, https:\/\/windual.com\/wp-content\/uploads\/2018\/01\/windual-60-kW-224x300.jpg 224w\" sizes=\"(max-width: 299px) 100vw, 299px\" \/><\/div><\/div><\/div><\/div>","protected":false},"excerpt":{"rendered":"<p>1. Windkraftanlage 100 kW Anlagentyp 30-100 mit Rotordurchmesser 30 m, \u00fcberstrichene Rotorfl\u00e4che 705 m\u00b2 F\u00fcr st\u00e4rkste Windklasse IA: Einsatz auch in Orkangebieten! Jahresertrag gem\u00e4\u00df Prognose nach IEC-Norm (Zertifizierung 2019): Typ 30-100kW bei 5 m\/s:\u00a0\u00a0\u00a0 260 MWh bei 6 m\/s:\u00a0\u00a0\u00a0 356 MWh bei 7 m\/s:\u00a0\u00a0\u00a0 433 MWh Hauptmerkmale Direkt angetriebener PM-Generator Hoher Ertrag auch bei niedriger&hellip;<\/p>\n","protected":false},"author":1,"featured_media":0,"parent":99,"menu_order":5,"comment_status":"closed","ping_status":"closed","template":"","meta":[],"_links":{"self":[{"href":"https:\/\/windual.com\/index.php\/wp-json\/wp\/v2\/pages\/220"}],"collection":[{"href":"https:\/\/windual.com\/index.php\/wp-json\/wp\/v2\/pages"}],"about":[{"href":"https:\/\/windual.com\/index.php\/wp-json\/wp\/v2\/types\/page"}],"author":[{"embeddable":true,"href":"https:\/\/windual.com\/index.php\/wp-json\/wp\/v2\/users\/1"}],"replies":[{"embeddable":true,"href":"https:\/\/windual.com\/index.php\/wp-json\/wp\/v2\/comments?post=220"}],"version-history":[{"count":40,"href":"https:\/\/windual.com\/index.php\/wp-json\/wp\/v2\/pages\/220\/revisions"}],"predecessor-version":[{"id":3663,"href":"https:\/\/windual.com\/index.php\/wp-json\/wp\/v2\/pages\/220\/revisions\/3663"}],"up":[{"embeddable":true,"href":"https:\/\/windual.com\/index.php\/wp-json\/wp\/v2\/pages\/99"}],"wp:attachment":[{"href":"https:\/\/windual.com\/index.php\/wp-json\/wp\/v2\/media?parent=220"}],"curies":[{"name":"wp","href":"https:\/\/api.w.org\/{rel}","templated":true}]}}