{"id":277,"date":"2018-02-05T18:09:52","date_gmt":"2018-02-05T17:09:52","guid":{"rendered":"http:\/\/windual.com\/?page_id=277"},"modified":"2018-04-01T11:32:01","modified_gmt":"2018-04-01T09:32:01","slug":"allgemein","status":"publish","type":"page","link":"https:\/\/windual.com\/index.php\/windkraftanlagen\/allgemein\/","title":{"rendered":"Allgemein"},"content":{"rendered":"<div id=\"pl-277\"  class=\"panel-layout\" ><div id=\"pg-277-0\"  class=\"panel-grid panel-no-style\" ><div id=\"pgc-277-0-0\"  class=\"panel-grid-cell\" ><div id=\"panel-277-0-0-0\" class=\"so-panel widget widget_sow-editor panel-first-child panel-last-child\" data-index=\"0\" ><div class=\"so-widget-sow-editor so-widget-sow-editor-base\">\n<div class=\"siteorigin-widget-tinymce textwidget\">\n\t<p><strong>Windenergieanlagen<\/strong> dienen prim\u00e4r Ihrer Eigenstrom-Versorgung mit \u00dcberschusseinspeisung. Kleine und mittlere Windkraftanlagen rechnen sich nur durch m\u00f6glichst hohen Eigenverbrauchsanteil. In Einzelf\u00e4llen kann eine gemeinschaftliche Anlage zur Versorgung mehrerer Parteien, Mieterstrom-Modelle oder erg\u00e4nzend die Direktvermarktung wirtschaftlich eine Option oder Alternative sein. Im Rahmen der Einf\u00fchrung von g\u00fcnstigeren Stromspeichern mit Energiemanagern, werden auch zunehmend netzparallele Insell\u00f6sungen mit h\u00f6chstm\u00f6glichen Autarkiegraden interessant.<\/p>\n<p><strong>Warum Windenergie-Anlagen?<\/strong><br \/>Im Vergleich zur Photovoltaikanlage erzeugt eine Windkraftanlage vor allem im Winter Strom und deckt damit g\u00fcnstiger den zumeist im Winter erh\u00f6hten Eigenverbrauch ab.<br \/>Windkraftanlagen bestehen zum Gro\u00dfteil aus mechanischen Komponenten. Diese sind im Vergleich zu Photovoltaikanlagen robuster, m\u00fcssen so gut wie nie gereinigt werden, k\u00f6nnen einfacher repariert werden und erzeugen im Verh\u00e4ltnis zum Ertrag bei der Herstellung weniger umweltsch\u00e4dliches CO2.<\/p>\n<p><strong>Ist eine Windkraftanlage f\u00fcr meinen Standort und meine Anwendung sinnvoll und wirtschaftlich?<\/strong><br \/>Grunds\u00e4tzlich sind hierzu vorab vor allem die \u00f6rtlichen Bedingungen und die Anwendung zu kl\u00e4ren. Siehe <a href=\"http:\/\/windual.com\/index.php\/produkte\/windkraftanlagen\/planung\/\">Planung<\/a><\/p>\n<p><strong>Welche Systeml\u00f6sung ist am besten f\u00fcr meine individuellen Bedingungen und meinen Bedarf geeignet?<\/strong><br \/>Nach einer Bedarfs- und Bestandsaufnahme bieten wir, ggf. mit Partnern, komplette Systeml\u00f6sungen an:<br \/>Windkraftanlagen in Verbindung mit Stromspeichern, Energiemanagern, Photovoltaik (Bestand oder Neuanlage) und Ladetechnik f\u00fcr Elektromobile.<\/p>\n<p><strong>Welche Windkraftanlage (Gr\u00f6\u00dfe und Technik) ist f\u00fcr meinen Standort und Bedarf geeignet?<\/strong><br \/><strong>Worin unterscheiden sich Windenergieanlagen prinzipiell und im Speziellen?<\/strong><br \/>Es gibt sehr unterschiedliche Anlagentechniken und Konstruktionen. Noch wichtiger als bei gro\u00dfen Windkraftanlagen, ist bei kleinen Windkraftanlagen die Wahl der richtigen Anlagentechnik und der Gr\u00f6\u00dfe in Abh\u00e4ngigkeit von den Standortbedingungen und dem Anwendungsbedarf. Daher bieten wir Ihnen eine breite Auswahl an Anlagen an.<\/p>\n<p><strong>Schwachwindanlagen: Wof\u00fcr und warum? <br \/><\/strong>Anlagen f\u00fcr Schwachwind kommen \u00fcberwiegend bis ca. 6,0 m\/s zum Einsatz.<\/p>\n<p>Schwachwindanlagen verf\u00fcgen, bei gleicher Nennleistung \u00fcber einen gr\u00f6\u00dferen Rotordurchmesser und damit \u00fcber eine gr\u00f6\u00dfere \u00fcberstrichene Rotor-\"Ernte\"-Fl\u00e4che.<br \/>Achtung: Oft werden Anlagen f\u00e4lschlicherweise als Schwachwindanlagen deklariert. Das Verh\u00e4ltnis von \u00fcberstrichener Rotorfl\u00e4che zu Nennleistung sollte mindestens 10 betragen. Beispiel Anlage mit 136, 7 m\u00b2 geteilt durch 10 kW = 13,7.<\/p>\n<p>Schwachwindanlagen zeichnen sich u.a. aus durch:<br \/>1. Fr\u00fchen Anlauf: Erm\u00f6glicht durch aktive Rotorblattverstellung und moderne, drehzahlvariable Antriebstechnik, siehe auch unten.<br \/>2. Hohen Ertrag und Wirkungsgrad cp im Bereich 4 bis 8 m\/s: durch gro\u00dfe Rotordurchmesser mit entspr.\u00a0 \u00fcberstrichener Rotorfl\u00e4che und auf geringe Windgeschwindigkeit optimierte Rotorblattprofile in Kombination mit aktiver Rotorblattverstellung.<br \/>3. Hohe Betriebs- und Sturmsicherheit: Gro\u00dfe Rotoren erfordern eine aktive Steuerung der Rotorbl\u00e4tter und der Generatoren mit entsprechender Leistungselektronik<strong><br \/><\/strong><\/p>\n<p>Die <span style=\"color: #0000ff;\"><strong>Leistung und der Ertrag aus der Windenergie<\/strong><\/span> ergibt sich generell aus:<\/p>\n<ol>\n<li><strong>\u00dcberstrichene Rotorfl\u00e4che A<\/strong><br \/>Wie bei gro\u00dfen Windkraftanlagen ist bei kleinen, bodennahen Windkraftanlagen prim\u00e4r auf die \u00fcberstrichene Rotorfl\u00e4che an.<br \/>Diese im Wind stehende Rotor-\"Ernte\"-Fl\u00e4che bestimmt entscheidend den Ertrag einer Windkraftanlage. <br \/>Beispiel: Es gibt 10 kW-Anlagen mit Rotordurchmessern von z.B. 6,5 m (entsprechend nur ca. 33 m\u00b2) bis zum Rotordurchmesser 13,2 m, entsprechend der vierfachen \u00fcberstrichenen Rotorfl\u00e4che von 136,7 m\u00b2. Entsprechend unterscheiden sich die Ertr\u00e4ge extrem um ein Vielfaches, zunehmend mit geringerer Windgeschwindigkeit.<br \/>Hinzu kommt, dass bei entsprechend gr\u00f6\u00dferen Rotoren konstruktiv eine deutlich robustere Anlagentechnik, modernere aktive Steuerung und Anlagen\u00fcberwachung zum Einsatz kommen. Dies wirkt sich positiv auf die Betriebs- und Sturmsicherheit sowie auf die Lebensdauer der Anlagen aus.\n<\/li>\n<li><strong>Wirkungsgrad \u03b7<\/strong><br \/>Dieser setzt sich zusammen aus der anlagentechnischen Effizienz des Rotors, Antriebstrangs und Leistungselektronik.<br \/>Beispiel: Moderne Anlagen verf\u00fcgen \u00fcber eine aktive Steuerung der Anlage. Eine aktive Rotorblattverstellung (Pitch) erm\u00f6glicht einen optimalen Anstr\u00f6mungswinkel bei allen Windgeschwindigkeiten und damit fr\u00fcheren Anlauf, h\u00f6heren Leistungsgewinn und aktive Sturmsicherung. Im Vergleich dazu haben Anlagen mit festem Rotorblattwinkel (Stall) bzw. passiver Rotorblattverstellung einen deutlichen Nachteil im Anlauf, Leistungsgewinn und der Sturmsicherung.\u00a0 <br \/><span style=\"color: #000000;\"><strong>Einfluss auf den Wirkungsgrad haben im Einzelnen:<\/strong><\/span><\/li>\n<\/ol>\n<p style=\"padding-left: 60px;\"><strong>- 3-Blatt- im Vergleich zu 2-Blatt-Anlagen:<br \/><\/strong>- 3-Blatt Anlagen sind leiser: Bei vergleichbarer Leistung und Durchmesser haben sie eine niedrigere Drehzahl.<br \/>- Gleichm\u00e4\u00dfigere Lastverteilung und damit geringere Belastung der Anlage. 3-Blattanlagen k\u00f6nnen daher leichter gebaut werden. Dadurch sind sie weniger tr\u00e4ge als 2-Blatt-Anlagen. Vorteil: Sie k\u00f6nnen schneller auf sich \u00e4ndernde, b\u00f6ige und turbulente Windbedingungen in Bodenn\u00e4he reagieren. =&gt; H\u00f6herer Ertrag und leiser<br \/><strong>- LUV - LEE:<\/strong> <br \/>Bei Anlagen, bei denen der Rotor auf der windabgewandten LEE-Seite l\u00e4uft, entsteht im Windschatten des Turms eine Unterbrechung. Diese wirkt sich negativ auf die Laufruhe und Effizienz aus.<br \/><strong>- Antriebstechnik<\/strong>:<br \/>Wie die meisten gro\u00dfen Windkraftanlagen haben moderne Anlagen einen <em>effizienteren, drehzahlvariablen PM-Synchrongenerator<\/em> und verf\u00fcgen durch die Einspeisung mittels hocheffizienter Wechselrichter \u00fcber eine individuell programmierbare Leistungsregelung. Die Synchron-Anlagen k\u00f6nnen bei entsprechender Konfiguration auch bei Netzausfall weiter Strom erzeugen. <br \/>Im Gegensatz dazu sind <em>Anlagen mit alter Technik, Asynchronanlagen mit Getriebe und fester Drehzahl<\/em>, netzabh\u00e4ngig. Bei Netzausfall ist keine Stromerzeugung m\u00f6glich. Besonders bei niedriger Windgeschwindigkeit entsteht dadurch eine Ertrags- und damit Versorgungsl\u00fccke.<br \/><strong>- Leistungselektronik<\/strong>:<br \/>Im Unterschied zu direkt netzgekoppelten Asynchronanlagen, werden PM-Synchron-Generatoren mittels modernen, programmierbaren Wechselrichtern an das Netz angeschlossen. Vorteile sind: individuelle Anpassung der Anlagensteuerung an Wind- und Standortbedingungen.<\/p>\n<p style=\"padding-left: 30px;\">3.\u00a0 <strong>Windgeschwindigkeit in der dritten Potenz v\u00b3<\/strong> ! <br \/>\u00a0\u00a0\u00a0\u00a0\u00a0 Dies bedeutet mit der Verdoppelung der Windgeschwindigkeit ergibt sich eine achtfach gr\u00f6\u00dfere Windenergie!<\/p>\n<p style=\"padding-left: 30px;\">4.\u00a0 <strong>Luftdichte \u03c1. <\/strong>Abh\u00e4ngig von Wetterlage und H\u00f6he \u00fcber Null (Meeresniveau)<strong><br \/><\/strong><\/p>\n<p>Zus\u00e4tzlich ist der Turbulenzgrad des Windes sehr entscheidend f\u00fcr die wirksame Windenergie.<\/p>\n<p>Die Nennleistung ist hingegen nur ein Anlagenparameter, der vom Hersteller prim\u00e4r hinsichtlich der Generatorauslegung und der maximalen Dauerleistung gew\u00e4hlt wird. Je nach Anlagentechnik und Rotorgr\u00f6\u00dfe und -typ wird die Nennleistung bei sehr unterschiedlichen Bedingungen erreicht. Bei Schwachwindanlagen ab z.B. 7 m\/s, bei Starkwindanlagen hingegen erst ab Werten gr\u00f6\u00dfer 10 m\/s, meistens erst ab 12 bis 15 m\/s. Eine h\u00f6here Nennleistung macht sich erst bei zunehmend h\u00f6herer durchschnittlicher Windgeschwindigkeit ab ca. 5,5 m\/s bezahlt.<\/p>\n<p>Auf Grund dieser zahlreichen Einfl\u00fcsse empfehlen wir den Ertragsvergleich verschiedener Anlagen an Hand von zertifizierten Leistungskurven und daraus ermittelten Jahresenergieproduktionen (AEP). Die Bestimmung der Leistungskurven ist Teil der Zertifizierung gem\u00e4\u00df IEC 61400-12-1. Nur diese , von unabh\u00e4ngiger, akkreditierter Partei (z.B. Intertek, T\u00dcV, Windtest) mittels Langzeitmessung ermittelten Daten erm\u00f6glichen eine objektive Vergleichbarkeit bei vergleichbaren Windbedingungen.<\/p>\n<p>Da die Zertifizierung der Leistungskurve keine rechtliche Pflicht ist, verzichten manche Hersteller im eigenen Interesse darauf und machen subjektive, nicht normierte Angaben. Kosten f\u00fcr diese Zertifizierung sind heutzutage kein Argument mehr. Diese liegen zwischenzeitlich unter 50.000 Euro.<\/p>\n<p><span style=\"color: #ff0000;\"><strong>Wir empfehlen nur Anlagen mit zertifizierter Leistungskurve und daraus ermittelten Jahresenergieproduktionen in kWh.<\/strong><\/span><\/p>\n<\/div>\n<\/div><\/div><\/div><div id=\"pgc-277-0-1\"  class=\"panel-grid-cell\" ><div id=\"panel-277-0-1-0\" class=\"so-panel widget widget_sow-image panel-first-child\" data-index=\"1\" ><div class=\"so-widget-sow-image so-widget-sow-image-default-d6014b76747a-277\">\n<h3 class=\"widget-title\">Netz-Parallel-Betrieb<\/h3>\n<div class=\"sow-image-container\">\n\t\t<img src=\"https:\/\/windual.com\/wp-content\/uploads\/2018\/02\/Netzparallelbetrieb-Netzeinspeisung-300x231.jpg\" width=\"300\" height=\"231\" srcset=\"https:\/\/windual.com\/wp-content\/uploads\/2018\/02\/Netzparallelbetrieb-Netzeinspeisung-300x231.jpg 300w, https:\/\/windual.com\/wp-content\/uploads\/2018\/02\/Netzparallelbetrieb-Netzeinspeisung.jpg 416w\" sizes=\"(max-width: 300px) 100vw, 300px\" title=\"Netz-Parallel-Betrieb\" alt=\"\" loading=\"lazy\" \t\tclass=\"so-widget-image\"\/>\n\t<\/div>\n\n<\/div><\/div><div id=\"panel-277-0-1-1\" class=\"so-panel widget widget_sow-image panel-last-child\" data-index=\"2\" ><div class=\"so-widget-sow-image so-widget-sow-image-default-d6014b76747a-277\">\n<h3 class=\"widget-title\">Insel-Batterie-Betrieb<\/h3>\n<div class=\"sow-image-container\">\n\t\t<img src=\"https:\/\/windual.com\/wp-content\/uploads\/2018\/02\/windual-off-grid-system.jpg\" width=\"913\" height=\"576\" srcset=\"https:\/\/windual.com\/wp-content\/uploads\/2018\/02\/windual-off-grid-system.jpg 913w, https:\/\/windual.com\/wp-content\/uploads\/2018\/02\/windual-off-grid-system-300x189.jpg 300w, https:\/\/windual.com\/wp-content\/uploads\/2018\/02\/windual-off-grid-system-768x485.jpg 768w\" sizes=\"(max-width: 913px) 100vw, 913px\" title=\"Insel-Batterie-Betrieb\" alt=\"\" loading=\"lazy\" \t\tclass=\"so-widget-image\"\/>\n\t<\/div>\n\n<\/div><\/div><\/div><\/div><\/div>","protected":false},"excerpt":{"rendered":"<p>Windenergieanlagen dienen prim\u00e4r Ihrer Eigenstrom-Versorgung mit \u00dcberschusseinspeisung. Kleine und mittlere Windkraftanlagen rechnen sich nur durch m\u00f6glichst hohen Eigenverbrauchsanteil. In Einzelf\u00e4llen kann eine gemeinschaftliche Anlage zur Versorgung mehrerer Parteien, Mieterstrom-Modelle oder erg\u00e4nzend die Direktvermarktung wirtschaftlich eine Option oder Alternative sein. Im Rahmen der Einf\u00fchrung von g\u00fcnstigeren Stromspeichern mit Energiemanagern, werden auch zunehmend netzparallele Insell\u00f6sungen mit h\u00f6chstm\u00f6glichen&hellip;<\/p>\n","protected":false},"author":1,"featured_media":0,"parent":99,"menu_order":0,"comment_status":"closed","ping_status":"closed","template":"","meta":[],"_links":{"self":[{"href":"https:\/\/windual.com\/index.php\/wp-json\/wp\/v2\/pages\/277"}],"collection":[{"href":"https:\/\/windual.com\/index.php\/wp-json\/wp\/v2\/pages"}],"about":[{"href":"https:\/\/windual.com\/index.php\/wp-json\/wp\/v2\/types\/page"}],"author":[{"embeddable":true,"href":"https:\/\/windual.com\/index.php\/wp-json\/wp\/v2\/users\/1"}],"replies":[{"embeddable":true,"href":"https:\/\/windual.com\/index.php\/wp-json\/wp\/v2\/comments?post=277"}],"version-history":[{"count":24,"href":"https:\/\/windual.com\/index.php\/wp-json\/wp\/v2\/pages\/277\/revisions"}],"predecessor-version":[{"id":642,"href":"https:\/\/windual.com\/index.php\/wp-json\/wp\/v2\/pages\/277\/revisions\/642"}],"up":[{"embeddable":true,"href":"https:\/\/windual.com\/index.php\/wp-json\/wp\/v2\/pages\/99"}],"wp:attachment":[{"href":"https:\/\/windual.com\/index.php\/wp-json\/wp\/v2\/media?parent=277"}],"curies":[{"name":"wp","href":"https:\/\/api.w.org\/{rel}","templated":true}]}}